*4/24 + 4*j**3/3 + 3. Let t(n) be the third derivative of d(n). What is the units digit of t(-4)?
7
Let q = 48 - 4. What is the tens digit of q?
4
Let f = 238 + -96. What is the hundreds digit of f?
1
Let b(d) = -d + 12. Let v be b(9). Suppose v*u - 11 = -j, -3*u - 19 = -3*j + 2*u. What is the units digit of j?
8
What is the units digit of -113*1*2/(-2)?
3
Suppose 12 - 4 = 2*y. Let h be (-2)/(-2)*(y - 3). Suppose 0 = -2*i - 5*b + 9, -2*i + h = -3*b. What is the units digit of i?
2
Let p be (-4)/(-16) + (-19)/(-4). Suppose -p*x + 9 + 26 = 0. What is the units digit of x?
7
Let v(z) = 6*z**2 + 17*z + 42. What is the units digit of v(-8)?
0
Suppose 2*v - 24 = -3*i, v - i + 3*i = 13. Suppose 2*n - 1 + v = 4*c, -3*c - n = -16. Suppose c*x + y = 38, 4*y - 5 + 24 = 3*x. What is the units digit of x?
9
Let p(j) = 7*j**2 - j + 2. Let u(f) = -f**2 - 1. Let r(y) = p(y) + 6*u(y). What is the units digit of r(3)?
2
Suppose 8*x - 1100 + 388 = 0. What is the units digit of x?
9
Let z be 231/15 + 4/(-10). What is the units digit of (z - -1)*(-4)/(-8)?
8
Let z(u) = 5*u**2 + 3*u + 1. Let s be z(-2). Let j be 4/5*s/6. Let v = 2 + j. What is the units digit of v?
4
Let w(k) = 4*k**3 + 2*k**2 - k. Let c be w(1). Let y = -3 + c. What is the units digit of y?
2
Let k(m) = -2*m - 10. Let u be k(-7). Let a be u/1*1/(-2). What is the units digit of (a/(-5))/((-2)/(-60))?
2
Let i be (-1)/(-1 - -2)*-24. Suppose i = x + 3*x. Suppose 3*f - x - 15 = 0. What is the units digit of f?
7
Let k(p) = -p - 46 + 46. Let j be k(3). What is the tens digit of 1*(16 - j/(-1))?
1
Let z(g) be the third derivative of g**5/15 + g**4/24 + g**2. What is the units digit of z(-1)?
3
Let p = 99 - 62. What is the tens digit of p?
3
Suppose -3*g + 19 = -20. What is the tens digit of g?
1
Let h(l) = -4*l + 4. What is the units digit of h(-8)?
6
Suppose 0 = -5*y - 39 + 254. What is the tens digit of y?
4
Suppose 4*w = -15*w + 3040. What is the hundreds digit of w?
1
Let z(b) = -b**2 - 7*b + 4. Let s(f) = -f**2 + f. Let q be s(-2). What is the tens digit of z(q)?
1
Let v(r) = r**2 + 13*r - 18. Let z = -30 - -15. What is the tens digit of v(z)?
1
Suppose 0 = 3*w - 31 - 8. What is the tens digit of w?
1
What is the units digit of (-9)/3 + 2 + 3?
2
Suppose -3*x + a + 14 = 3*a, -2*x = -4*a - 36. Suppose 4*g - x = -0*g. Let c = 12 - g. What is the units digit of c?
0
Let b = 0 + 2. What is the units digit of -4 + b - (1 - 8)?
5
Let b be ((-8)/(-6))/((-2)/(-3)). Suppose 5*i - b*t = 2*t + 177, -119 = -3*i - 4*t. What is the units digit of i?
7
Let v(q) = -q**3 - 5*q**2 - 6*q - 1. Let t be v(-4). Suppose -4*j + 44 = 4*m, 39 = 4*m + j + t. What is the units digit of m?
7
Suppose z + o - 6*o - 68 = 0, 5*z - 360 = 5*o. What is the tens digit of z?
7
Let w = -147 + 414. What is the hundreds digit of w?
2
Suppose -h = -2*h - 8. Let g = -5 - h. What is the units digit of g?
3
Let p be 15/(-6)*4/(-5). Let k = p - 1. What is the units digit of ((-3)/k)/((-3)/8)?
8
Let t(i) = -i**2 - 5*i - 2. Let l be t(-5). Let h = l - -4. Suppose z + 19 = h*z. What is the tens digit of z?
1
Suppose -95 = 5*a - 10*a. What is the tens digit of a?
1
Let p(m) = 39*m**2 - m. Let n = -20 - -21. What is the tens digit of p(n)?
3
Suppose -4*c + 7*c - 117 = 0. What is the tens digit of c?
3
Suppose j + 5*o - 19 = -0*o, 2*o + 54 = j. What is the tens digit of j?
4
Suppose -18 = -4*r - 2. Let s = -7 + r. Let f(b) = b**3 + 5*b**2 + 4*b + 1. What is the units digit of f(s)?
7
Suppose -6*b - 32 = -2*b. What is the units digit of (-10)/2*b/5?
8
What is the units digit of (-21)/(-5) - 4/20?
4
Suppose 10 - 1 = 3*l. Let f(h) = 2*h + 4*h**3 - l + 2 + 0*h. What is the units digit of f(1)?
5
Suppose 0 = 3*g - 0*g - 3. Let r(d) = -g - d + d + d. What is the units digit of r(2)?
1
Let u = 119 + -41. What is the units digit of u?
8
Suppose 0 = 2*p - 4. Suppose 6 = -5*z - p*w - 2, 3*w + 12 = 0. Suppose -2*l + 0*l - 2*x + 12 = z, 2*l + 4*x - 14 = 0. What is the units digit of l?
5
Let o = 6 + -1. Let b(z) = -z**2 + 7*z - 7. Let v be b(o). Suppose m = 4*l + 22, -5*m = v*l - l. What is the units digit of m?
2
Suppose -5*x - 59 = z - 165, 0 = -3*z - 5*x + 308. What is the hundreds digit of z?
1
Let t(x) = -8*x - 2. Let b be (-2)/(-6) - 28/12. What is the units digit of t(b)?
4
Let a = -8 - -11. Suppose n + 4*c = -15, 0 = 3*n - a*c - 2 - 28. What is the units digit of n?
5
What is the tens digit of 15/((-315)/28) + (-98)/(-6)?
1
Let u = -79 + 151. What is the tens digit of u?
7
Suppose 2*s + 5*l - 23 = 0, -4*s - 2*l - l + 81 = 0. Let d = -14 + s. What is the tens digit of d?
1
Suppose -o + 48 = 2*o. What is the units digit of o?
6
What is the units digit of (64 - 0)*3/6?
2
Let i = -144 - -206. What is the tens digit of i?
6
Let h(x) = -5*x + x - 2*x - 2*x. Let i be h(-1). Let k = -5 + i. What is the units digit of k?
3
What is the units digit of 15 + (-4)/(20/(-15))?
8
Suppose -13 = -2*y + 3. Let s = 4 - y. Let z = s + 6. What is the units digit of z?
2
Let r = 51 - 11. What is the units digit of r?
0
Suppose 4*b + q + 3*q = 8, 0 = -2*b - 5*q + 7. Suppose -2*m = -m - b. What is the units digit of m/(-4) + 26/8?
3
Let h be (5/2)/((-2)/(-4)). Let y be (-3 + 4 + 0)*3. Suppose y*q = 2*o - 7*o + 62, -h*o - 5*q = -60. What is the tens digit of o?
1
Let l(o) = -o**3 + 5*o**2 + 8*o - 9. Let i be l(6). Suppose 5*v = v - 4*d + 8, -i*v + 10 = 5*d. What is the units digit of -7*2/(-2 - v)?
7
Let x = -88 - -148. What is the tens digit of x?
6
Let y(t) = 11*t - 4. Let q be y(4). Suppose 0 = 5*c - 3*n - 62, -3*c + q = -3*n + 4. What is the units digit of c?
3
Suppose 68 = 3*q + q. What is the units digit of q?
7
Let h = 11 + -1. Suppose 2*x = -4*u - h + 2, 0 = 3*u + 9. Suppose 4*w - 2*g = 32, 3*w - 39 = -x*w + 2*g. What is the units digit of w?
7
What is the units digit of (-2)/(10/15) + 33?
0
Suppose m + 2 - 3 = 0. Suppose j - 2*j = m, 63 = 4*l + 5*j. What is the tens digit of l?
1
Let n(x) = -x**2 - 7*x - 3. Let c(y) = -y**2 - 7*y - 3. Let g(p) = -5*c(p) + 4*n(p). Let v = -15 - -8. What is the units digit of g(v)?
3
Let f(x) = x**3 + 6*x**2 + x + 4. Let g be f(-5). Let w(n) = -n + 4. Let i be w(4). Suppose -4*s + i*s = -g. What is the units digit of s?
6
Let q = -33 + 22. Let f = -8 - q. Suppose -f*v - 2*v = -35. What is the units digit of v?
7
Let a(y) = -y**2 - 5*y + 3. Let b be a(-7). Let p(l) = l**2 + 12*l + 12. What is the units digit of p(b)?
1
Suppose 0 = -6*h + 10*h - 56. Let o be ((-2)/(-1) + -1)*h. Let w = 26 - o. What is the units digit of w?
2
Let a(d) be the third derivative of -d**4/24 + 11*d**3/6 - 3*d**2. What is the units digit of a(10)?
1
Let a = -2 - -6. Let k(c) = 2*c**2 + 3*c + 3. Let r(m) = -3*m**2 - 5*m - 5. Let u(f) = 8*k(f) + 5*r(f). What is the tens digit of u(a)?
1
Suppose -17 = -2*o + 2*k + 99, -70 = -o + 4*k. Suppose 0 = -3*s + o. What is the tens digit of s?
1
Suppose 5*v - 48 = 2*v. Suppose -v*i + 54 = -13*i. What is the units digit of i?
8
Suppose 3*g - 18 = 120. What is the tens digit of g?
4
Let n be ((-2)/1 - -5)*1. Let d(b) = 7*b + 2*b**2 - 1 - 6*b**2 + n*b**2. What is the units digit of d(5)?
9
Let o(p) = -5*p**3 - 3*p**2 + p + 4. What is the units digit of o(-2)?
0
Suppose 5*x + 4*i = i + 96, -3*i = -3*x + 72. Let c = x - -2. What is the units digit of c?
3
Let h be 4*(0 - (-3)/6). Suppose -2 = h*d - 18. Suppose -3*g + 4*g - d = 0. What is the units digit of g?
8
Suppose 3*l - 99 = -3*k, k = -5*l + 6*k + 175. What is the tens digit of l?
3
Let p(s) = 20*s. Let w be p(-1). Let n be 2/4*w/2. What is the units digit of (-4)/n + 2/10?
1
Let k = 150 - 89. What is the units digit of k?
1
Let y = 487 + -315. What is the units digit of y?
2
Suppose 0 = 26*d - 21*d - 725. What is the tens digit of d?
4
Let s = 3 - 5. Let j(x) = -x**3 - x**2 - 2*x - 3. Let p be j(s). Suppose -p*w = -11 + 1. What is the units digit of w?
2
Let h = 23 - 14. What is the units digit of (3 + -4)*-1*h?
9
Let l be -2 + 2 - (-2)/2. What is the units digit of -3*(l + 10/(-3))?
7
Suppose 132 = -3*u + 5*u. What is the tens digit of u?
6
Let q(z) = -z - 2. Let h(i) = i**2 - 8*i + 5. Let d = 5 - -1. Let k be h(d). What is the units digit of q(k)?
5
Let a(t) = t**2 - t - 1. Let f(g) = 2*g - 7. Let p be f(5). Let q be a(p). Suppose 3 = q*k - 52. What is the units digit of